{"id":265,"date":"2016-12-08T07:15:46","date_gmt":"2016-12-08T07:15:46","guid":{"rendered":"http:\/\/demo.precisethemes.com\/courtyard\/?page_id=67"},"modified":"2026-04-27T10:44:46","modified_gmt":"2026-04-27T10:44:46","slug":"infotur","status":"publish","type":"page","link":"https:\/\/www.hoteleljisu.com\/index.php\/infotur\/","title":{"rendered":"Informaci\u00f3n Tur\u00edstica"},"content":{"rendered":"<p style=\"text-align: center;\"><span style=\"font-size: 24px; font-family: 'Lobster Two';\">Cuando llegue al Hotel, le entregaremos un mapa y le explicaremos un poco\u00a0 los lugares de inter\u00e9s y\u00a0 diferentes rutas que puede realizar y en la habitaci\u00f3n encontrar\u00e1 una carpeta con mucha m\u00e1s informaci\u00f3n.<\/span><\/p>\n<p>\u00a0<\/p>\n<p style=\"text-align: center;\"><span style=\"font-size: 24px; font-family: 'Lobster Two';\">Y en los siguientes enlaces, se puede visitar diferentes webs con informaci\u00f3n de la zona.<\/span><\/p>\n<p>\u00a0<\/p>\n<p><span style=\"font-size: 24px; font-family: 'book antiqua', palatino;\"><a href=\"https:\/\/www.comarcadeliebana.com\/wp-content\/uploads\/2017\/11\/MAPA-liebana-baja-16.10.17.pdf\">Mapa de Liebana<\/a><\/span><\/p>\n<p><span style=\"font-family: 'book antiqua', palatino; font-size: 24px;\"><a href=\"https:\/\/www.comarcadeliebana.com\/oficinas-de-turismo\/\">Oficinas de Turismo Liebana<\/a><\/span><\/p>\n<p><span style=\"font-family: 'book antiqua', palatino; font-size: 24px;\"><a href=\"https:\/\/www.comarcadeliebana.com\/mapas-del-camino-lebaniego\/\">Plano Rutas Camino Lebaniego<\/a><\/span><\/p>\n<p>\u00a0<\/p>\n<p style=\"text-align: left;\"><span style=\"font-size: 24px; font-family: 'book antiqua', palatino;\">Informaci\u00f3n Li\u00e9bana:<\/span><\/p>\n<p style=\"padding-left: 40px;\"><span style=\"font-size: 24px; font-family: 'book antiqua', palatino;\"><a href=\"https:\/\/www.turismodecantabria.com\/descubrela\/zonas\/1-liebana\">Turismo de Cantabria<\/a><\/span><\/p>\n<p style=\"padding-left: 40px;\"><span style=\"font-size: 24px; font-family: 'book antiqua', palatino;\"><a href=\"http:\/\/www.valledeliebana.info\/monumentos.html\">Valle de Liebana<\/a><\/span><\/p>\n<p style=\"padding-left: 40px;\"><span style=\"font-size: 24px; font-family: 'book antiqua', palatino;\"><a href=\"https:\/\/www.comarcadeliebana.com\/wp-content\/uploads\/2019\/08\/Folleto_WEB_ESP-2.pdf\">Folleto Liebana<\/a><\/span><\/p>\n<p>\u00a0<\/p>\n<p><span style=\"font-size: 24px; font-family: 'book antiqua', palatino;\">Rutas:<\/span><\/p>\n<p><span style=\"font-family: 'book antiqua', palatino; font-size: 24px;\"><a href=\"https:\/\/www.comarcadeliebana.com\/descarga-tracks-rutas-caminando\/\">Descarga Track Rutas por Li\u00e9bana<\/a><\/span><\/p>\n<p style=\"padding-left: 40px;\"><span style=\"font-size: 24px; font-family: 'book antiqua', palatino;\"><a href=\"https:\/\/www.comarcadeliebana.com\/wp-content\/uploads\/2016\/11\/Libro_senderos.pdf\">Senderismo<\/a><\/span><\/p>\n<p style=\"padding-left: 40px;\"><span style=\"font-size: 24px; font-family: 'book antiqua', palatino;\"><a href=\"https:\/\/www.comarcadeliebana.com\/wp-content\/uploads\/2017\/04\/Gui%CC%81a-BTT.pdf\">Bicicleta<\/a><\/span><\/p>\n<p style=\"padding-left: 40px;\"><span style=\"font-size: 24px; font-family: 'book antiqua', palatino;\"><a href=\"https:\/\/parquenacionalpicoseuropa.es\/visitas\/cartografia-y-tracks\/\">Rutas por Picos de Europa<\/a><\/span><\/p>\n<p style=\"padding-left: 40px;\"><span style=\"font-size: 24px; font-family: 'book antiqua', palatino;\"><a href=\"https:\/\/parquenacionalpicoseuropa.es\/visitas\/visitas-guiadas\/\">Rutas guiadas por Picos de Europa<\/a><\/span><\/p>\n<p style=\"padding-left: 40px;\"><span style=\"font-size: 24px; font-family: 'book antiqua', palatino;\"><a href=\"https:\/\/redcantabrarural.com\/post-portfolio\/casa-de-la-naturaleza-de-pesaguero-red-natura-2000-en-liebana\/\">Naturea Cantabria<\/a><\/span><\/p>\n<p>\u00a0<\/p>\n<p><span style=\"font-size: 24px; font-family: 'book antiqua', palatino;\"><strong>Gu\u00edas de Monta\u00f1a, Barrancos, Escalada, Caballos&#8230;<\/strong><\/span><\/p>\n<p>\u00a0<\/p>\n<ul>\n<li><span style=\"font-size: 24px; font-family: 'book antiqua', palatino;\"><strong><a href=\"https:\/\/www.elportaldepicos.com\/\">El Portal de Picos<\/a><\/strong> ( diversas actividades deportivas)\u00a0 \u00a0 \u00a0 \u00a0665 360 241<\/span><\/li>\n<\/ul>\n<p>\u00a0<\/p>\n<ul>\n<li><span style=\"font-size: 24px; font-family: 'book antiqua', palatino;\"><strong><a href=\"https:\/\/www.picosxtreme.com\/\">Picos Xtreme<\/a><\/strong> ( diversas actividades deportivas)\u00a0 \u00a0 \u00a0 \u00a0650 105 942<\/span><\/li>\n<\/ul>\n<p>\u00a0<\/p>\n<ul>\n<li style=\"text-align: left;\"><span style=\"font-size: 24px; font-family: 'book antiqua', palatino;\"><strong><a href=\"http:\/\/www.fernandozamoraguiadepicos.com\">Fernando Zamora<\/a><\/strong> ( diversas actividades deportivas)\u00a0 \u00a0 \u00a0 \u00a0620 464 019<\/span><\/li>\n<\/ul>\n<p>\u00a0<\/p>\n<ul>\n<li style=\"text-align: left;\"><span style=\"font-size: 24px; font-family: 'book antiqua', palatino;\"><strong><a href=\"https:\/\/www.facebook.com\/juancarlos.chamosoacosta\/?locale=es_ES\">Carlos Chamoso<\/a> \u00a0<\/strong> (rutas guiadas por Picos y escalada)\u00a0 \u00a0 \u00a0629 41 29 17<\/span><\/li>\n<\/ul>\n<p>\u00a0<\/p>\n<ul>\n<li><span style=\"font-size: 24px; font-family: 'book antiqua', palatino;\"><strong><a href=\"http:\/\/www.aravallecentroecuestre.com\">Centro Ecuestre Aravalle<\/a><\/strong><strong><em>\u00a0 \u00a0 \u00a0 \u00a0 \u00a0 \u00a0 \u00a0 \u00a0 \u00a0 \u00a0 \u00a0 \u00a0 \u00a0 \u00a0 \u00a0 \u00a0 \u00a0 \u00a0 \u00a0 \u00a0 \u00a0 \u00a0 \u00a0 \u00a0 \u00a0 \u00a0 <\/em><\/strong>685 194 864<\/span><\/li>\n<\/ul>\n\n\n<p><\/p>\n","protected":false},"excerpt":{"rendered":"<p>Cuando llegue al Hotel, le entregaremos un mapa y le explicaremos un poco\u00a0 los lugares de inter\u00e9s y\u00a0 diferentes rutas que puede realizar y en la habitaci\u00f3n encontrar\u00e1 una carpeta con mucha m\u00e1s informaci\u00f3n. \u00a0 Y en los siguientes enlaces, se puede visitar diferentes webs con informaci\u00f3n de la zona. \u00a0 Mapa de Liebana Oficinas [&hellip;]<\/p>\n","protected":false},"author":1,"featured_media":1006,"parent":0,"menu_order":1,"comment_status":"closed","ping_status":"closed","template":"","meta":{"footnotes":""},"class_list":["post-265","page","type-page","status-publish","has-post-thumbnail","hentry"],"yoast_head":"<!-- This site is optimized with the Yoast SEO plugin v26.8 - https:\/\/yoast.com\/product\/yoast-seo-wordpress\/ -->\n<title>Informaci\u00f3n Tur\u00edstica ~ Hotel Rte. EL Jisu Web Oficial\u00ae<\/title>\n<meta name=\"robots\" content=\"index, follow, max-snippet:-1, max-image-preview:large, max-video-preview:-1\" \/>\n<link rel=\"canonical\" href=\"https:\/\/www.hoteleljisu.com\/index.php\/infotur\/\" \/>\n<meta property=\"og:locale\" content=\"es_ES\" \/>\n<meta property=\"og:type\" content=\"article\" \/>\n<meta property=\"og:title\" content=\"Informaci\u00f3n Tur\u00edstica ~ Hotel Rte. EL Jisu Web Oficial\u00ae\" \/>\n<meta property=\"og:description\" content=\"Cuando llegue al Hotel, le entregaremos un mapa y le explicaremos un poco\u00a0 los lugares de inter\u00e9s y\u00a0 diferentes rutas que puede realizar y en la habitaci\u00f3n encontrar\u00e1 una carpeta con mucha m\u00e1s informaci\u00f3n. \u00a0 Y en los siguientes enlaces, se puede visitar diferentes webs con informaci\u00f3n de la zona. \u00a0 Mapa de Liebana Oficinas [&hellip;]\" \/>\n<meta property=\"og:url\" content=\"https:\/\/www.hoteleljisu.com\/index.php\/infotur\/\" \/>\n<meta property=\"og:site_name\" content=\"Hotel Rte. EL Jisu Web Oficial\u00ae\" \/>\n<meta property=\"article:publisher\" content=\"https:\/\/www.facebook.com\/hreljisu\/\" \/>\n<meta property=\"article:modified_time\" content=\"2026-04-27T10:44:46+00:00\" \/>\n<meta property=\"og:image\" content=\"https:\/\/www.hoteleljisu.com\/wp-content\/uploads\/2020\/03\/DSC_7002-Copy.png\" \/>\n\t<meta property=\"og:image:width\" content=\"1024\" \/>\n\t<meta property=\"og:image:height\" content=\"684\" \/>\n\t<meta property=\"og:image:type\" content=\"image\/png\" \/>\n<meta name=\"twitter:card\" content=\"summary_large_image\" \/>\n<meta name=\"twitter:label1\" content=\"Tiempo de lectura\" \/>\n\t<meta name=\"twitter:data1\" content=\"1 minuto\" \/>\n<script type=\"application\/ld+json\" class=\"yoast-schema-graph\">{\"@context\":\"https:\/\/schema.org\",\"@graph\":[{\"@type\":\"WebPage\",\"@id\":\"https:\/\/www.hoteleljisu.com\/index.php\/infotur\/\",\"url\":\"https:\/\/www.hoteleljisu.com\/index.php\/infotur\/\",\"name\":\"Informaci\u00f3n Tur\u00edstica ~ Hotel Rte. EL Jisu Web Oficial\u00ae\",\"isPartOf\":{\"@id\":\"https:\/\/www.hoteleljisu.com\/#website\"},\"primaryImageOfPage\":{\"@id\":\"https:\/\/www.hoteleljisu.com\/index.php\/infotur\/#primaryimage\"},\"image\":{\"@id\":\"https:\/\/www.hoteleljisu.com\/index.php\/infotur\/#primaryimage\"},\"thumbnailUrl\":\"https:\/\/www.hoteleljisu.com\/wp-content\/uploads\/2020\/03\/DSC_7002-Copy.png\",\"datePublished\":\"2016-12-08T07:15:46+00:00\",\"dateModified\":\"2026-04-27T10:44:46+00:00\",\"breadcrumb\":{\"@id\":\"https:\/\/www.hoteleljisu.com\/index.php\/infotur\/#breadcrumb\"},\"inLanguage\":\"es\",\"potentialAction\":[{\"@type\":\"ReadAction\",\"target\":[\"https:\/\/www.hoteleljisu.com\/index.php\/infotur\/\"]}]},{\"@type\":\"ImageObject\",\"inLanguage\":\"es\",\"@id\":\"https:\/\/www.hoteleljisu.com\/index.php\/infotur\/#primaryimage\",\"url\":\"https:\/\/www.hoteleljisu.com\/wp-content\/uploads\/2020\/03\/DSC_7002-Copy.png\",\"contentUrl\":\"https:\/\/www.hoteleljisu.com\/wp-content\/uploads\/2020\/03\/DSC_7002-Copy.png\",\"width\":1024,\"height\":684},{\"@type\":\"BreadcrumbList\",\"@id\":\"https:\/\/www.hoteleljisu.com\/index.php\/infotur\/#breadcrumb\",\"itemListElement\":[{\"@type\":\"ListItem\",\"position\":1,\"name\":\"Portada\",\"item\":\"https:\/\/www.hoteleljisu.com\/\"},{\"@type\":\"ListItem\",\"position\":2,\"name\":\"Informaci\u00f3n Tur\u00edstica\"}]},{\"@type\":\"WebSite\",\"@id\":\"https:\/\/www.hoteleljisu.com\/#website\",\"url\":\"https:\/\/www.hoteleljisu.com\/\",\"name\":\"Hotel Rte. EL Jisu Web Oficial\u00ae\",\"description\":\"Liebana  - Picos de Europa\",\"publisher\":{\"@id\":\"https:\/\/www.hoteleljisu.com\/#organization\"},\"potentialAction\":[{\"@type\":\"SearchAction\",\"target\":{\"@type\":\"EntryPoint\",\"urlTemplate\":\"https:\/\/www.hoteleljisu.com\/?s={search_term_string}\"},\"query-input\":{\"@type\":\"PropertyValueSpecification\",\"valueRequired\":true,\"valueName\":\"search_term_string\"}}],\"inLanguage\":\"es\"},{\"@type\":\"Organization\",\"@id\":\"https:\/\/www.hoteleljisu.com\/#organization\",\"name\":\"Hotel Rte. El Jisu\",\"url\":\"https:\/\/www.hoteleljisu.com\/\",\"logo\":{\"@type\":\"ImageObject\",\"inLanguage\":\"es\",\"@id\":\"https:\/\/www.hoteleljisu.com\/#\/schema\/logo\/image\/\",\"url\":\"\",\"contentUrl\":\"\",\"caption\":\"Hotel Rte. El Jisu\"},\"image\":{\"@id\":\"https:\/\/www.hoteleljisu.com\/#\/schema\/logo\/image\/\"},\"sameAs\":[\"https:\/\/www.facebook.com\/hreljisu\/\",\"https:\/\/www.instagram.com\/hreljisu\/\"]}]}<\/script>\n<!-- \/ Yoast SEO plugin. -->","yoast_head_json":{"title":"Informaci\u00f3n Tur\u00edstica ~ Hotel Rte. EL Jisu Web Oficial\u00ae","robots":{"index":"index","follow":"follow","max-snippet":"max-snippet:-1","max-image-preview":"max-image-preview:large","max-video-preview":"max-video-preview:-1"},"canonical":"https:\/\/www.hoteleljisu.com\/index.php\/infotur\/","og_locale":"es_ES","og_type":"article","og_title":"Informaci\u00f3n Tur\u00edstica ~ Hotel Rte. EL Jisu Web Oficial\u00ae","og_description":"Cuando llegue al Hotel, le entregaremos un mapa y le explicaremos un poco\u00a0 los lugares de inter\u00e9s y\u00a0 diferentes rutas que puede realizar y en la habitaci\u00f3n encontrar\u00e1 una carpeta con mucha m\u00e1s informaci\u00f3n. \u00a0 Y en los siguientes enlaces, se puede visitar diferentes webs con informaci\u00f3n de la zona. \u00a0 Mapa de Liebana Oficinas [&hellip;]","og_url":"https:\/\/www.hoteleljisu.com\/index.php\/infotur\/","og_site_name":"Hotel Rte. EL Jisu Web Oficial\u00ae","article_publisher":"https:\/\/www.facebook.com\/hreljisu\/","article_modified_time":"2026-04-27T10:44:46+00:00","og_image":[{"width":1024,"height":684,"url":"https:\/\/www.hoteleljisu.com\/wp-content\/uploads\/2020\/03\/DSC_7002-Copy.png","type":"image\/png"}],"twitter_card":"summary_large_image","twitter_misc":{"Tiempo de lectura":"1 minuto"},"schema":{"@context":"https:\/\/schema.org","@graph":[{"@type":"WebPage","@id":"https:\/\/www.hoteleljisu.com\/index.php\/infotur\/","url":"https:\/\/www.hoteleljisu.com\/index.php\/infotur\/","name":"Informaci\u00f3n Tur\u00edstica ~ Hotel Rte. EL Jisu Web Oficial\u00ae","isPartOf":{"@id":"https:\/\/www.hoteleljisu.com\/#website"},"primaryImageOfPage":{"@id":"https:\/\/www.hoteleljisu.com\/index.php\/infotur\/#primaryimage"},"image":{"@id":"https:\/\/www.hoteleljisu.com\/index.php\/infotur\/#primaryimage"},"thumbnailUrl":"https:\/\/www.hoteleljisu.com\/wp-content\/uploads\/2020\/03\/DSC_7002-Copy.png","datePublished":"2016-12-08T07:15:46+00:00","dateModified":"2026-04-27T10:44:46+00:00","breadcrumb":{"@id":"https:\/\/www.hoteleljisu.com\/index.php\/infotur\/#breadcrumb"},"inLanguage":"es","potentialAction":[{"@type":"ReadAction","target":["https:\/\/www.hoteleljisu.com\/index.php\/infotur\/"]}]},{"@type":"ImageObject","inLanguage":"es","@id":"https:\/\/www.hoteleljisu.com\/index.php\/infotur\/#primaryimage","url":"https:\/\/www.hoteleljisu.com\/wp-content\/uploads\/2020\/03\/DSC_7002-Copy.png","contentUrl":"https:\/\/www.hoteleljisu.com\/wp-content\/uploads\/2020\/03\/DSC_7002-Copy.png","width":1024,"height":684},{"@type":"BreadcrumbList","@id":"https:\/\/www.hoteleljisu.com\/index.php\/infotur\/#breadcrumb","itemListElement":[{"@type":"ListItem","position":1,"name":"Portada","item":"https:\/\/www.hoteleljisu.com\/"},{"@type":"ListItem","position":2,"name":"Informaci\u00f3n Tur\u00edstica"}]},{"@type":"WebSite","@id":"https:\/\/www.hoteleljisu.com\/#website","url":"https:\/\/www.hoteleljisu.com\/","name":"Hotel Rte. EL Jisu Web Oficial\u00ae","description":"Liebana  - Picos de Europa","publisher":{"@id":"https:\/\/www.hoteleljisu.com\/#organization"},"potentialAction":[{"@type":"SearchAction","target":{"@type":"EntryPoint","urlTemplate":"https:\/\/www.hoteleljisu.com\/?s={search_term_string}"},"query-input":{"@type":"PropertyValueSpecification","valueRequired":true,"valueName":"search_term_string"}}],"inLanguage":"es"},{"@type":"Organization","@id":"https:\/\/www.hoteleljisu.com\/#organization","name":"Hotel Rte. El Jisu","url":"https:\/\/www.hoteleljisu.com\/","logo":{"@type":"ImageObject","inLanguage":"es","@id":"https:\/\/www.hoteleljisu.com\/#\/schema\/logo\/image\/","url":"","contentUrl":"","caption":"Hotel Rte. El Jisu"},"image":{"@id":"https:\/\/www.hoteleljisu.com\/#\/schema\/logo\/image\/"},"sameAs":["https:\/\/www.facebook.com\/hreljisu\/","https:\/\/www.instagram.com\/hreljisu\/"]}]}},"_links":{"self":[{"href":"https:\/\/www.hoteleljisu.com\/index.php\/wp-json\/wp\/v2\/pages\/265","targetHints":{"allow":["GET"]}}],"collection":[{"href":"https:\/\/www.hoteleljisu.com\/index.php\/wp-json\/wp\/v2\/pages"}],"about":[{"href":"https:\/\/www.hoteleljisu.com\/index.php\/wp-json\/wp\/v2\/types\/page"}],"author":[{"embeddable":true,"href":"https:\/\/www.hoteleljisu.com\/index.php\/wp-json\/wp\/v2\/users\/1"}],"replies":[{"embeddable":true,"href":"https:\/\/www.hoteleljisu.com\/index.php\/wp-json\/wp\/v2\/comments?post=265"}],"version-history":[{"count":36,"href":"https:\/\/www.hoteleljisu.com\/index.php\/wp-json\/wp\/v2\/pages\/265\/revisions"}],"predecessor-version":[{"id":2319,"href":"https:\/\/www.hoteleljisu.com\/index.php\/wp-json\/wp\/v2\/pages\/265\/revisions\/2319"}],"wp:featuredmedia":[{"embeddable":true,"href":"https:\/\/www.hoteleljisu.com\/index.php\/wp-json\/wp\/v2\/media\/1006"}],"wp:attachment":[{"href":"https:\/\/www.hoteleljisu.com\/index.php\/wp-json\/wp\/v2\/media?parent=265"}],"curies":[{"name":"wp","href":"https:\/\/api.w.org\/{rel}","templated":true}]}}