{"id":70,"date":"2016-12-08T06:22:29","date_gmt":"2016-12-08T06:22:29","guid":{"rendered":"http:\/\/demo.precisethemes.com\/courtyard\/?page_id=70"},"modified":"2025-01-28T12:59:56","modified_gmt":"2025-01-28T12:59:56","slug":"restaurante-2","status":"publish","type":"page","link":"https:\/\/www.hoteleljisu.com\/index.php\/restaurante-2\/","title":{"rendered":"Restaurante en Liebana"},"content":{"rendered":"<p style=\"text-align: center;\"><span style=\"color: #808080;\">En el Restaurante El Jisu queremos ofrecer una peque\u00f1a variedad de platos caseros hechos con productos KM 0 de Cantabria.<\/span><\/p>\n<p style=\"text-align: center;\"><span style=\"color: #808080;\">Ponemos a tu disposici\u00f3n un Menu Lebaniego\u00a0por 16\u20ac por persona y una Carta donde podr\u00e1s encontrar\u00a0distintos platos a probar.<\/span><\/p>\n<p style=\"text-align: center;\"><span style=\"color: #808080;\">El Horario del Restaurante es de: Comidas de 13:30h. a las 16:00h. y\u00a0Cenas\u00a0de 20:30h. hasta las 22:30h.<\/span><\/p>\n<p style=\"text-align: center;\"><span style=\"color: #808080;\">Desde el 15 de Octubre hasta finales de Marzo, el Restaurante tiene Horario de Invierno, abrimos los fines de semana (viernes noche, s\u00e1bado y domingo).<\/span><\/p>\n<p style=\"text-align: center;\"><span style=\"color: #808080;\">Tambi\u00e9n ofrecemos la organizaci\u00f3n de almuerzos y celebraciones con men\u00fas especiales cualquier d\u00eda de la semana. as\u00ed que ll\u00e1manos y cu\u00e9ntanos que necesitas.<\/span><\/p>\n<p style=\"text-align: center;\"><span style=\"color: #808080;\">Te esperamos!<\/span><\/p>\n<p style=\"text-align: center;\">\n","protected":false},"excerpt":{"rendered":"<p>En el Restaurante El Jisu queremos ofrecer una peque\u00f1a variedad de platos caseros hechos con productos KM 0 de Cantabria. Ponemos a tu disposici\u00f3n un Menu Lebaniego\u00a0por 16\u20ac por persona y una Carta donde podr\u00e1s encontrar\u00a0distintos platos a probar. El Horario del Restaurante es de: Comidas de 13:30h. a las 16:00h. y\u00a0Cenas\u00a0de 20:30h. hasta las [&hellip;]<\/p>\n","protected":false},"author":1,"featured_media":0,"parent":0,"menu_order":3,"comment_status":"closed","ping_status":"closed","template":"templates\/template-page-full-width.php","meta":{"footnotes":""},"class_list":["post-70","page","type-page","status-publish","hentry"],"yoast_head":"<!-- This site is optimized with the Yoast SEO plugin v26.8 - https:\/\/yoast.com\/product\/yoast-seo-wordpress\/ -->\n<title>Restaurante El Jisu, Liebana - Picos de Europa, Gastronom\u00eda Monta\u00f1esa,<\/title>\n<meta name=\"description\" content=\"Disfruta de la Gastronom\u00eda de Cantabria con una amplia variedad de platos: quesos, embutidos, ensaladas, revueltos, carnes de ganader\u00edas locales.... Prueba el Cocido Lebaniego, men\u00fa t\u00edpico a precios asequibles.\" \/>\n<meta name=\"robots\" content=\"index, follow, max-snippet:-1, max-image-preview:large, max-video-preview:-1\" \/>\n<link rel=\"canonical\" href=\"https:\/\/www.hoteleljisu.com\/index.php\/restaurante-2\/\" \/>\n<meta property=\"og:locale\" content=\"es_ES\" \/>\n<meta property=\"og:type\" content=\"article\" \/>\n<meta property=\"og:title\" content=\"Restaurante El Jisu, Liebana - Picos de Europa, Gastronom\u00eda Monta\u00f1esa,\" \/>\n<meta property=\"og:description\" content=\"Disfruta de la Gastronom\u00eda de Cantabria con una amplia variedad de platos: quesos, embutidos, ensaladas, revueltos, carnes de ganader\u00edas locales.... Prueba el Cocido Lebaniego, men\u00fa t\u00edpico a precios asequibles.\" \/>\n<meta property=\"og:url\" content=\"https:\/\/www.hoteleljisu.com\/index.php\/restaurante-2\/\" \/>\n<meta property=\"og:site_name\" content=\"Hotel Rte. EL Jisu Web Oficial\u00ae\" \/>\n<meta property=\"article:publisher\" content=\"https:\/\/www.facebook.com\/hreljisu\/\" \/>\n<meta property=\"article:modified_time\" content=\"2025-01-28T12:59:56+00:00\" \/>\n<meta name=\"twitter:card\" content=\"summary_large_image\" \/>\n<meta name=\"twitter:label1\" content=\"Tiempo de lectura\" \/>\n\t<meta name=\"twitter:data1\" content=\"1 minuto\" \/>\n<script type=\"application\/ld+json\" class=\"yoast-schema-graph\">{\"@context\":\"https:\/\/schema.org\",\"@graph\":[{\"@type\":\"WebPage\",\"@id\":\"https:\/\/www.hoteleljisu.com\/index.php\/restaurante-2\/\",\"url\":\"https:\/\/www.hoteleljisu.com\/index.php\/restaurante-2\/\",\"name\":\"Restaurante El Jisu, Liebana - Picos de Europa, Gastronom\u00eda Monta\u00f1esa,\",\"isPartOf\":{\"@id\":\"https:\/\/www.hoteleljisu.com\/#website\"},\"datePublished\":\"2016-12-08T06:22:29+00:00\",\"dateModified\":\"2025-01-28T12:59:56+00:00\",\"description\":\"Disfruta de la Gastronom\u00eda de Cantabria con una amplia variedad de platos: quesos, embutidos, ensaladas, revueltos, carnes de ganader\u00edas locales.... Prueba el Cocido Lebaniego, men\u00fa t\u00edpico a precios asequibles.\",\"breadcrumb\":{\"@id\":\"https:\/\/www.hoteleljisu.com\/index.php\/restaurante-2\/#breadcrumb\"},\"inLanguage\":\"es\",\"potentialAction\":[{\"@type\":\"ReadAction\",\"target\":[\"https:\/\/www.hoteleljisu.com\/index.php\/restaurante-2\/\"]}]},{\"@type\":\"BreadcrumbList\",\"@id\":\"https:\/\/www.hoteleljisu.com\/index.php\/restaurante-2\/#breadcrumb\",\"itemListElement\":[{\"@type\":\"ListItem\",\"position\":1,\"name\":\"Portada\",\"item\":\"https:\/\/www.hoteleljisu.com\/\"},{\"@type\":\"ListItem\",\"position\":2,\"name\":\"Restaurante en Liebana\"}]},{\"@type\":\"WebSite\",\"@id\":\"https:\/\/www.hoteleljisu.com\/#website\",\"url\":\"https:\/\/www.hoteleljisu.com\/\",\"name\":\"Hotel Rte. EL Jisu Web Oficial\u00ae\",\"description\":\"Liebana  - Picos de Europa\",\"publisher\":{\"@id\":\"https:\/\/www.hoteleljisu.com\/#organization\"},\"potentialAction\":[{\"@type\":\"SearchAction\",\"target\":{\"@type\":\"EntryPoint\",\"urlTemplate\":\"https:\/\/www.hoteleljisu.com\/?s={search_term_string}\"},\"query-input\":{\"@type\":\"PropertyValueSpecification\",\"valueRequired\":true,\"valueName\":\"search_term_string\"}}],\"inLanguage\":\"es\"},{\"@type\":\"Organization\",\"@id\":\"https:\/\/www.hoteleljisu.com\/#organization\",\"name\":\"Hotel Rte. El Jisu\",\"url\":\"https:\/\/www.hoteleljisu.com\/\",\"logo\":{\"@type\":\"ImageObject\",\"inLanguage\":\"es\",\"@id\":\"https:\/\/www.hoteleljisu.com\/#\/schema\/logo\/image\/\",\"url\":\"\",\"contentUrl\":\"\",\"caption\":\"Hotel Rte. El Jisu\"},\"image\":{\"@id\":\"https:\/\/www.hoteleljisu.com\/#\/schema\/logo\/image\/\"},\"sameAs\":[\"https:\/\/www.facebook.com\/hreljisu\/\",\"https:\/\/www.instagram.com\/hreljisu\/\"]}]}<\/script>\n<!-- \/ Yoast SEO plugin. -->","yoast_head_json":{"title":"Restaurante El Jisu, Liebana - Picos de Europa, Gastronom\u00eda Monta\u00f1esa,","description":"Disfruta de la Gastronom\u00eda de Cantabria con una amplia variedad de platos: quesos, embutidos, ensaladas, revueltos, carnes de ganader\u00edas locales.... Prueba el Cocido Lebaniego, men\u00fa t\u00edpico a precios asequibles.","robots":{"index":"index","follow":"follow","max-snippet":"max-snippet:-1","max-image-preview":"max-image-preview:large","max-video-preview":"max-video-preview:-1"},"canonical":"https:\/\/www.hoteleljisu.com\/index.php\/restaurante-2\/","og_locale":"es_ES","og_type":"article","og_title":"Restaurante El Jisu, Liebana - Picos de Europa, Gastronom\u00eda Monta\u00f1esa,","og_description":"Disfruta de la Gastronom\u00eda de Cantabria con una amplia variedad de platos: quesos, embutidos, ensaladas, revueltos, carnes de ganader\u00edas locales.... Prueba el Cocido Lebaniego, men\u00fa t\u00edpico a precios asequibles.","og_url":"https:\/\/www.hoteleljisu.com\/index.php\/restaurante-2\/","og_site_name":"Hotel Rte. EL Jisu Web Oficial\u00ae","article_publisher":"https:\/\/www.facebook.com\/hreljisu\/","article_modified_time":"2025-01-28T12:59:56+00:00","twitter_card":"summary_large_image","twitter_misc":{"Tiempo de lectura":"1 minuto"},"schema":{"@context":"https:\/\/schema.org","@graph":[{"@type":"WebPage","@id":"https:\/\/www.hoteleljisu.com\/index.php\/restaurante-2\/","url":"https:\/\/www.hoteleljisu.com\/index.php\/restaurante-2\/","name":"Restaurante El Jisu, Liebana - Picos de Europa, Gastronom\u00eda Monta\u00f1esa,","isPartOf":{"@id":"https:\/\/www.hoteleljisu.com\/#website"},"datePublished":"2016-12-08T06:22:29+00:00","dateModified":"2025-01-28T12:59:56+00:00","description":"Disfruta de la Gastronom\u00eda de Cantabria con una amplia variedad de platos: quesos, embutidos, ensaladas, revueltos, carnes de ganader\u00edas locales.... Prueba el Cocido Lebaniego, men\u00fa t\u00edpico a precios asequibles.","breadcrumb":{"@id":"https:\/\/www.hoteleljisu.com\/index.php\/restaurante-2\/#breadcrumb"},"inLanguage":"es","potentialAction":[{"@type":"ReadAction","target":["https:\/\/www.hoteleljisu.com\/index.php\/restaurante-2\/"]}]},{"@type":"BreadcrumbList","@id":"https:\/\/www.hoteleljisu.com\/index.php\/restaurante-2\/#breadcrumb","itemListElement":[{"@type":"ListItem","position":1,"name":"Portada","item":"https:\/\/www.hoteleljisu.com\/"},{"@type":"ListItem","position":2,"name":"Restaurante en Liebana"}]},{"@type":"WebSite","@id":"https:\/\/www.hoteleljisu.com\/#website","url":"https:\/\/www.hoteleljisu.com\/","name":"Hotel Rte. EL Jisu Web Oficial\u00ae","description":"Liebana  - Picos de Europa","publisher":{"@id":"https:\/\/www.hoteleljisu.com\/#organization"},"potentialAction":[{"@type":"SearchAction","target":{"@type":"EntryPoint","urlTemplate":"https:\/\/www.hoteleljisu.com\/?s={search_term_string}"},"query-input":{"@type":"PropertyValueSpecification","valueRequired":true,"valueName":"search_term_string"}}],"inLanguage":"es"},{"@type":"Organization","@id":"https:\/\/www.hoteleljisu.com\/#organization","name":"Hotel Rte. El Jisu","url":"https:\/\/www.hoteleljisu.com\/","logo":{"@type":"ImageObject","inLanguage":"es","@id":"https:\/\/www.hoteleljisu.com\/#\/schema\/logo\/image\/","url":"","contentUrl":"","caption":"Hotel Rte. El Jisu"},"image":{"@id":"https:\/\/www.hoteleljisu.com\/#\/schema\/logo\/image\/"},"sameAs":["https:\/\/www.facebook.com\/hreljisu\/","https:\/\/www.instagram.com\/hreljisu\/"]}]}},"_links":{"self":[{"href":"https:\/\/www.hoteleljisu.com\/index.php\/wp-json\/wp\/v2\/pages\/70","targetHints":{"allow":["GET"]}}],"collection":[{"href":"https:\/\/www.hoteleljisu.com\/index.php\/wp-json\/wp\/v2\/pages"}],"about":[{"href":"https:\/\/www.hoteleljisu.com\/index.php\/wp-json\/wp\/v2\/types\/page"}],"author":[{"embeddable":true,"href":"https:\/\/www.hoteleljisu.com\/index.php\/wp-json\/wp\/v2\/users\/1"}],"replies":[{"embeddable":true,"href":"https:\/\/www.hoteleljisu.com\/index.php\/wp-json\/wp\/v2\/comments?post=70"}],"version-history":[{"count":17,"href":"https:\/\/www.hoteleljisu.com\/index.php\/wp-json\/wp\/v2\/pages\/70\/revisions"}],"predecessor-version":[{"id":845,"href":"https:\/\/www.hoteleljisu.com\/index.php\/wp-json\/wp\/v2\/pages\/70\/revisions\/845"}],"wp:attachment":[{"href":"https:\/\/www.hoteleljisu.com\/index.php\/wp-json\/wp\/v2\/media?parent=70"}],"curies":[{"name":"wp","href":"https:\/\/api.w.org\/{rel}","templated":true}]}}